{"id":8,"date":"2021-09-24T10:43:08","date_gmt":"2021-09-24T10:43:08","guid":{"rendered":"https:\/\/helenerasse.be\/?page_id=8"},"modified":"2021-10-07T10:28:46","modified_gmt":"2021-10-07T10:28:46","slug":"contact","status":"publish","type":"page","link":"https:\/\/helenerasse.be\/index.php\/contact\/","title":{"rendered":"Contact"},"content":{"rendered":"\n<p>Si vous d\u00e9sirez des renseignements au sujet d&rsquo;une s\u00e9ance ou la vente de tirages, n&rsquo;h\u00e9sitez pas \u00e0 me contacter\u2026\u00a0<\/p>\n\n\n\n<p>helenerasse@hotmail.com<\/p>\n","protected":false},"excerpt":{"rendered":"<p>Si vous d\u00e9sirez des renseignements au sujet d&rsquo;une s\u00e9ance ou la vente de tirages, n&rsquo;h\u00e9sitez pas \u00e0 me contacter\u2026\u00a0 helenerasse@hotmail.com<\/p>\n","protected":false},"author":1,"featured_media":0,"parent":0,"menu_order":0,"comment_status":"closed","ping_status":"closed","template":"","meta":{"footnotes":""},"class_list":["post-8","page","type-page","status-publish","hentry"],"_links":{"self":[{"href":"https:\/\/helenerasse.be\/index.php\/wp-json\/wp\/v2\/pages\/8","targetHints":{"allow":["GET"]}}],"collection":[{"href":"https:\/\/helenerasse.be\/index.php\/wp-json\/wp\/v2\/pages"}],"about":[{"href":"https:\/\/helenerasse.be\/index.php\/wp-json\/wp\/v2\/types\/page"}],"author":[{"embeddable":true,"href":"https:\/\/helenerasse.be\/index.php\/wp-json\/wp\/v2\/users\/1"}],"replies":[{"embeddable":true,"href":"https:\/\/helenerasse.be\/index.php\/wp-json\/wp\/v2\/comments?post=8"}],"version-history":[{"count":3,"href":"https:\/\/helenerasse.be\/index.php\/wp-json\/wp\/v2\/pages\/8\/revisions"}],"predecessor-version":[{"id":47,"href":"https:\/\/helenerasse.be\/index.php\/wp-json\/wp\/v2\/pages\/8\/revisions\/47"}],"wp:attachment":[{"href":"https:\/\/helenerasse.be\/index.php\/wp-json\/wp\/v2\/media?parent=8"}],"curies":[{"name":"wp","href":"https:\/\/api.w.org\/{rel}","templated":true}]}}